{"id":54,"date":"2021-12-18T17:34:58","date_gmt":"2021-12-18T16:34:58","guid":{"rendered":"http:\/\/osiolek.eu\/?post_type=product&#038;p=54"},"modified":"2025-07-19T13:06:37","modified_gmt":"2025-07-19T11:06:37","slug":"osiolek-wydanie-1-limited","status":"publish","type":"product","link":"https:\/\/osiolek.eu\/index.php\/produkt\/osiolek-wydanie-1-limited\/","title":{"rendered":"Osio\u0142ek &#8211; Lekka edycja kolekcjonerska"},"content":{"rendered":"<p>Pierwsze wydanie Osio\u0142ka zosta\u0142o wykonane w 2021 roku przy nak\u0142adzie 10 szt. Dost\u0119pne s\u0105 jeszcze wersje tej gry z drugiego wydania z <strong>bia\u0142ymi kr\u0105\u017ckami wodoodpornymi<\/strong>. Jak na za\u0142\u0105czonym zdj\u0119ciu.<\/p>\n<p>Podczas tworzenia pierwszego wydania stawiali\u015bmy na wysok\u0105 jako\u015b\u0107 materia\u0142\u00f3w. Zastosowany materia\u0142 PVC spieniony <strong>zapewnia wodoodporno\u015b\u0107 i trwa\u0142o\u015b\u0107 kr\u0105\u017ck\u00f3w<\/strong>, kt\u00f3re w tekturowej czy te\u017c papierowej wersji nie przetrwa\u0142yby pr\u00f3by czasu. Rozgrywki odbywaj\u0105 si\u0119 przecie\u017c na stole w towarzystwie r\u00f3\u017cnych napoi i przek\u0105sek. 126 kr\u0105\u017ck\u00f3w jest dzi\u0119ki temu wystarczaj\u0105co lekkich aby \u015bwietnie sprawdzi\u0142y si\u0119 w wakacyjnej podr\u00f3\u017cy czy w delegacji. Osio\u0142ek w szytym worku wpasuje si\u0119 idealnie mi\u0119dzy par\u0119 naszych ubra\u0144.<\/p>\n","protected":false},"excerpt":{"rendered":"<p>Pierwsze Wydanie Osio\u0142ka<\/p>\n","protected":false},"featured_media":211,"template":"","meta":{"spay_email":""},"product_cat":[17],"product_tag":[],"class_list":["post-54","product","type-product","status-publish","has-post-thumbnail","hentry","product_cat-gry-towarzyskie"],"_links":{"self":[{"href":"https:\/\/osiolek.eu\/index.php\/wp-json\/wp\/v2\/product\/54","targetHints":{"allow":["GET"]}}],"collection":[{"href":"https:\/\/osiolek.eu\/index.php\/wp-json\/wp\/v2\/product"}],"about":[{"href":"https:\/\/osiolek.eu\/index.php\/wp-json\/wp\/v2\/types\/product"}],"wp:featuredmedia":[{"embeddable":true,"href":"https:\/\/osiolek.eu\/index.php\/wp-json\/wp\/v2\/media\/211"}],"wp:attachment":[{"href":"https:\/\/osiolek.eu\/index.php\/wp-json\/wp\/v2\/media?parent=54"}],"wp:term":[{"taxonomy":"product_cat","embeddable":true,"href":"https:\/\/osiolek.eu\/index.php\/wp-json\/wp\/v2\/product_cat?post=54"},{"taxonomy":"product_tag","embeddable":true,"href":"https:\/\/osiolek.eu\/index.php\/wp-json\/wp\/v2\/product_tag?post=54"}],"curies":[{"name":"wp","href":"https:\/\/api.w.org\/{rel}","templated":true}]}}